5
Let u(i) = i**2 - 825590*i - 7430392. Give u(-9).
-1
Let l(a) = 43*a**2 + 1548*a - 7703. What is l(5)?
1112
Let m(n) = -172*n - 7758. Give m(-43).
-362
Let z(r) = -110*r**2 - 1529*r + 6127. Calculate z(4).
-1749
Let w(y) = 86431*y + 69490528. Determine w(-804).
4
Let k(a) = -9*a**3 + 2917*a**2 - 3244*a + 4524. What is k(323)?
2
Let j(y) = 414*y - 4920. Give j(24).
5016
Let g(z) = -656*z**3 - z**2 - 8*z + 7. Calculate g(1).
-658
Let s(k) = 35062*k - 7994166. Give s(228).
-30
Let t(v) = -v**2 + 71*v + 34018. Determine t(229).
-2164
Let c(w) = -1356*w - 9755. Give c(-6).
-1619
Let u(m) = -316*m**2 + 39185*m - 142. Determine u(124).
-18
Let g(a) = -135*a**2 - 436*a - 18. Determine g(-4).
-434
Let g(r) = -6*r**3 + 4028*r**2 - 8087*r + 73. Give g(2).
-37
Let o(b) = 176*b**2 + 197*b + 47. What is o(-1)?
26
Let d(o) = o**3 - 13*o**2 - 6*o + 376. Give d(15).
736
Let r(z) = -58*z**2 - 7241*z + 928. What is r(-125)?
-197
Let m(x) = -6*x**3 + 152*x**2 - 44*x - 189. Determine m(25).
-39
Let a(x) = x**3 - 23*x**2 + 53*x + 130. What is a(19)?
-307
Let w(f) = 304*f + 5774. What is w(-19)?
-2
Let o(w) = -7946*w - 3047. Calculate o(0).
-3047
Let r(l) = -15*l**3 - 2*l**2 - 28*l - 177. Determine r(-4).
863
Let u(n) = 380*n - 101231. Give u(268).
609
Let m(h) = -2331*h + 503384. Calculate m(216).
-112
Let s(m) = -3*m**2 - 205*m + 1464. Give s(-75).
-36
Let g(c) = -2*c**2 - 55474*c + 499430. Determine g(9).
2
Let l(r) = 7*r**2 - 304*r - 9749. Determine l(65).
66
Let b(q) = -2*q**2 - 71*q + 39500. Calculate b(-159).
227
Let v(r) = r**3 + 149*r**2 + 1916*r + 14. Determine v(-13).
-1910
Let i(r) = -513*r**2 + 16431*r - 464. Determine i(32).
16
Let a(g) = -3*g**2 - 1206*g - 114287. Determine a(-153).
4
Let a(h) = -14*h**3 - 57*h**2 + 110*h - 16. Give a(2).
-136
Let i(w) = 13*w**3 - 41*w**2 + 11433*w - 34273. What is i(3)?
8
Let n(m) = -m**2 - 125*m + 2362. Give n(17).
-52
Let t(q) = -5*q**3 - 17*q**2 + 2375*q + 19078. What is t(-8)?
1550
Let h(j) = -j**3 - 7*j**2 + 171*j + 53. Calculate h(0).
53
Let i(p) = -6066*p + 54568. Give i(9).
-26
Let x(c) = 385*c - 10626. Determine x(36).
3234
Let g(h) = -3*h**3 + 43*h**2 - 194*h - 6. What is g(5)?
-276
Let r(h) = -2*h**2 - 42971*h - 558276. Determine r(-13).
9
Let l(d) = -1164*d - 33311. Calculate l(-26).
-3047
Let j(r) = r**3 + 15*r**2 - 10458*r + 61. What is j(-110)?
941
Let z(u) = 387*u**2 + 1578*u - 7. Calculate z(-5).
1778
Let t(b) = -4*b**3 + 44*b**2 - 163*b + 1272. Calculate t(10).
42
Let x(n) = n**3 + 984*n**2 + 20290*n + 64420. Calculate x(-963).
-101
Let w(h) = 660*h + 557. Calculate w(-1).
-103
Let k(b) = b**3 + 23*b**2 - 154*b - 4225. What is k(-20)?
55
Let y(u) = -669996*u + 12059927. Give y(18).
-1
Let f(n) = 810*n - 9223. What is f(11)?
-313
Let x(v) = 2*v**3 - 11*v**2 + 19*v + 17. Determine x(-2).
-81
Let l(k) = -43*k**2 + 164*k + 1834. Give l(-5).
-61
Let n(f) = -f**3 - 108*f**2 - 84*f - 8424. What is n(-108)?
648
Let j(p) = -p**2 + 433*p + 39273. Give j(-77).
3
Let f(b) = 2*b**3 + 359*b**2 - 102*b + 14329. Calculate f(-180).
289
Let o(v) = v**3 + 98*v**2 - 2212*v - 210. Determine o(19).
-1
Let m(h) = h**2 - 96*h + 1960. What is m(107)?
3137
Let m(c) = -3*c**2 + 14*c - 103. Determine m(7).
-152
Let z(t) = t**3 + 25*t**2 + 75*t + 1036. Determine z(-24).
-188
Let k(m) = 234*m**2 + 2726*m + 6834. Calculate k(-8).
2
Let d(j) = 5*j**3 - 14*j**2 + 213*j - 636. Give d(3).
12
Let i(z) = -17*z**2 + 6582*z + 79075. What is i(-12)?
-2357
Let p(q) = -10*q**2 + 205*q + 1773. What is p(-9)?
-882
Let h(t) = -2*t**2 + 316*t + 6232. Calculate h(-18).
-104
Let w(c) = 10068*c - 90447. Calculate w(9).
165
Let b(o) = 869*o + 5279. Give b(-7).
-804
Let s(l) = 109*l**2 + 253*l + 45. Give s(-7).
3615
Let p(x) = x**3 - 9*x**2 - 78*x + 605. Give p(8).
-83
Let t(b) = -b**2 - 12334*b - 638673. Determine t(-52).
-9
Let i(j) = -311*j - 748. What is i(-12)?
2984
Let r(p) = -1596960*p + 9581767. Calculate r(6).
7
Let s(j) = 102*j**3 + 1122*j**2 + j - 15. Give s(-11).
-26
Let n(x) = -230330*x + 5297623. Determine n(23).
33
Let f(b) = -36*b**2 - 636*b + 13289. Calculate f(-30).
-31
Let v(y) = 12*y**2 - 35982*y - 72012. Determine v(-2).
0
Let f(u) = -1240*u**2 - 5049*u - 349. What is f(-4)?
7
Let b(u) = u**3 - 137*u**2 + 202*u - 10075. Calculate b(136).
-1099
Let c(a) = 18111*a - 253572. What is c(14)?
-18
Let a(z) = 59*z + 770. What is a(-24)?
-646
Let s(y) = -7082*y + 502836. Give s(71).
14
Let a(w) = -6939*w + 103983. What is a(15)?
-102
Let w(q) = -40487*q + 2388923. Give w(59).
190
Let q(o) = o**3 + 624*o**2 - 1794*o - 1505792. What is q(-623)?
-1
Let b(n) = -n**3 + 85*n**2 - 299*n + 18016. Determine b(84).
-44
Let z(q) = q**3 + 42*q**2 + 170*q - 526. Give z(-37).
29
Let a(y) = 5340*y - 24719. Give a(5).
1981
Let z(i) = 39*i**3 + 197*i**2 + 14*i - 20. What is z(-5)?
-40
Let h(w) = 371449*w + 1485792. What is h(-4)?
-4
Let d(j) = j**3 + 4*j**2 - 21*j - 170. Give d(0).
-170
Let i(h) = 7*h**3 - 73*h**2 - 423*h + 4473. Give i(8).
1
Let p(l) = l**3 - 242*l**2 + 994*l - 30. What is p(4)?
138
Let l(q) = q**3 - 231*q**2 + 2637*q - 1776. Give l(219).
195
Let v(n) = -2733*n - 23390. Determine v(-8).
-1526
Let o(b) = -3016*b + 11581. Determine o(4).
-483
Let a(i) = 3*i**2 + 525*i + 21450. Calculate a(-65).
0
Let k(d) = 392*d + 18038. Give k(-46).
6
Let r(w) = -7*w**3 - 13*w**2 + 72*w - 193. Calculate r(4).
-561
Let x(r) = r**2 - 1359*r + 84129. Determine x(65).
19
Let y(d) = -4921*d - 9825. Calculate y(-2).
17
Let x(h) = 13859*h - 17975117. Calculate x(1297).
6
Let d(m) = -55924*m + 335501. Determine d(6).
-43
Let p(m) = -386*m + 521945. Give p(1352).
73
Let l(k) = -5*k**2 + 95*k - 150. Calculate l(15).
150
Let y(s) = -1710*s + 408698. Determine y(239).
8
Let n(m) = -2*m**2 + 1871*m - 35432. Give n(19).
-605
Let n(v) = -4*v**3 + 51*v**2 - 96*v - 44. What is n(12)?
-764
Let m(t) = 42*t**2 - 481*t - 310. Determine m(12).
-34
Let m(x) = -406*x - 9298. What is m(-23)?
40
Let y(w) = 39191*w + 470293. Determine y(-12).
1
Let s(g) = 23*g**2 + 3613*g + 506. Give s(-157).
192
Let o(f) = -562*f + 40477. Give o(72).
13
Let m(t) = -9*t**2 + 243*t - 919. Calculate m(5).
71
Let u(o) = 2*o**3 - 608*o**2 - 1935*o - 283. Give u(-3).
-4
Let o(a) = 3*a**2 - 66*a + 528. What is o(14)?
192
Let b(q) = 3380*q - 44106. Give b(13).
-166
Let z(q) = -2*q**3 - 64*q**2 - 441*q - 32. Calculate z(-11).
-263
Let c(v) = 2*v**3 + 90*v**2 + 600*v - 270. Give c(-37).
-566
Let i(m) = 66139*m + 396824. Determine i(-6).
-10
Let b(m) = 649590*m + 2598360. Give b(-4).
0
Let y(p) = -911*p**2 - 18243*p - 558. Determine y(-20).
-98
Let r(c) = -c**3 + 35*c**2 + 415*c - 4266. Determine r(7).
11
Let n(b) = b**2 - 3224*b - 1665648. Calculate n(-453).
33
Let b(x) = -1395*x**2 - 5756*x - 74. Give b(-4).
630
Let a(i) = -i**3 - 5702*i**2 - 62590*i + 124. Calculate a(-11).
3
Let t(s) = -120*s**2 + 615*s + 1574. Calculate t(7).
-1
Let s(z) = -45*z**2 + 4231*z - 95. Determine s(94).
-1
Let d(r) = 2*r**3 + 39*r**2 + 4*r - 285. What is d(-19)?
0
Let m(q) = 28436*q - 10720377. Calculate m(377).
-5
Let o(i) = -3*i**2 - 34*i + 895. Calculate o(-22).
191
Let y(o) = o**3 + 9*o**2 - 92*o - 41. Determine y(11).
1367
Let u(r) = -20*r**2 - 135*r + 84. Determine u(-8).
-116
Let q(s) = 3*s**3 + 831*s**2 + 11096*s + 3316538. Give q(-278).
-2
Let o(h) = -h**2 - 537*h - 44726. Determine o(-103).
-24
Let f(l) = -41*l**2 - 3549*l - 3549. Determine f(-1).
-41
Let f(x) = -x**3 + 141*x**2 + 111*x + 4418. Give f(142).
16
Let d(w) = -556*w + 33909. Give d(61).
-7
Let k(u) = u**3 + 75*u**2 - 17190*u - 1277535. What is k(-74)?
1
Let b(x) = 3*x**2 + 137*x - 600. What is b(-68)?
3956
Let r(t) = -881*t - 130746. Give r(-151).
2285
Let p(a) = -76957*a + 59256884. What is p(770)?
-6
Let x(z) = z**2 - 734*z - 112302. Give x(-130).
18
Let j(w) = 22*w**2 + 1566*w - 21572. What is j(14)?
4664
Let u(h) = h**3 - 31*h**2 + 621*h - 6075. Calculate u(16).
21
Let q(l) = -l**2 - 6683*l - 1189496. Give q(-183).
4
Let i(y) = 39*y - 208. Calculate i(25).
767
Let m(w) = -w**3 - 19*w**2 + 357*w + 7475. Calculate m(-20).
735
Let d(q) = -q**3 - 230*q**2 - 250*q - 4828. What is d(-229)?
-19
Let y(h) = 393045*h - 3537419. Determine y(9).
-14
Let r(j) = 25082*j + 953109. What is r(-38)?
-7
Let i(s) = -26168*s**2 - 104692*s - 67. What is i(-4)?
13
